{"id":8,"date":"2022-09-09T13:18:47","date_gmt":"2022-09-09T13:18:47","guid":{"rendered":"http:\/\/www.agathevidal.com\/?page_id=8"},"modified":"2025-09-18T09:22:33","modified_gmt":"2025-09-18T09:22:33","slug":"a-propos","status":"publish","type":"page","link":"https:\/\/agathevidal.fr\/?page_id=8","title":{"rendered":"Services"},"content":{"rendered":"\n<p class=\"has-text-align-center\">En fonction des objectifs et des enjeux vis\u00e9s plusieurs formules pourront \u00eatre propos\u00e9es. <\/p>\n\n\n\n<p class=\"has-text-align-center\"><strong>Reportages , Interviews , portraits<\/strong><\/p>\n\n\n\n<ul class=\"wp-block-list\">\n<li>Interviews, partage d&rsquo;expertise et de connaissances, dans approche philosophique et \u00e9thique Offres (leadership, communication,\u2026)<\/li>\n<\/ul>\n\n\n\n<ul class=\"wp-block-list\">\n<li>Portraits d&rsquo;acteurs de notre soci\u00e9t\u00e9 afin de faire apparaitre la Philosophie et l&rsquo; \u00e9thique dans son activit\u00e9<\/li>\n\n\n\n<li>Enqu\u00eate de terrain,  prestation sur mission<\/li>\n<\/ul>\n\n\n\n<figure class=\"wp-block-image size-full is-resized\"><a href=\"https:\/\/philosophieaction.com\"><img loading=\"lazy\" decoding=\"async\" width=\"320\" height=\"217\" src=\"http:\/\/agathevidal.com\/wp-content\/uploads\/2023\/12\/philosophie.jpeg\" alt=\"Le laboratoire Philosophie Action\" class=\"wp-image-191\" style=\"width:625px;height:auto\" srcset=\"https:\/\/agathevidal.fr\/wp-content\/uploads\/2023\/12\/philosophie.jpeg 320w, https:\/\/agathevidal.fr\/wp-content\/uploads\/2023\/12\/philosophie-300x203.jpeg 300w\" sizes=\"auto, (max-width: 320px) 100vw, 320px\" \/><\/a><\/figure>\n\n\n\n<p class=\"has-text-align-center\"><strong>\u00c9v\u00e8nement sur mesure\u00a0: formation et \u00e9v\u00e9nementiel\u00a0<\/strong><\/p>\n\n\n\n<figure class=\"wp-block-image size-full is-resized\"><img loading=\"lazy\" decoding=\"async\" width=\"417\" height=\"232\" src=\"http:\/\/www.agathevidal.com\/wp-content\/uploads\/2022\/09\/D0E2C2DA-61C5-4412-AF84-51E5EBEF22C3_JPG.jpg\" alt=\"\" class=\"wp-image-83\" style=\"width:741px;height:412px\" srcset=\"https:\/\/agathevidal.fr\/wp-content\/uploads\/2022\/09\/D0E2C2DA-61C5-4412-AF84-51E5EBEF22C3_JPG.jpg 417w, https:\/\/agathevidal.fr\/wp-content\/uploads\/2022\/09\/D0E2C2DA-61C5-4412-AF84-51E5EBEF22C3_JPG-300x167.jpg 300w\" sizes=\"auto, (max-width: 417px) 100vw, 417px\" \/><\/figure>\n\n\n\n<ul class=\"wp-block-list\">\n<li>Formation sur mesure r\u00e9alis\u00e9es \u00e0 partir de l&rsquo;\u00e9tude strat\u00e9gique des valeurs de l\u2019entreprise et de l\u2019identit\u00e9 de la marque<\/li>\n\n\n\n<li>M\u00e9thode et techniques d&rsquo; approches p\u00e9dagogies participatives et actives <\/li>\n\n\n\n<li>Programmes et \u00e9v\u00e9nements en coordination avec les acteurs de terrains ..<\/li>\n<\/ul>\n\n\n\n<h6 class=\"wp-block-heading\">Accompagnement<\/h6>\n\n\n\n<p> Apporter des solutions de transformation via des mises en situation  <\/p>\n\n\n\n<p>Valorisation du capital humain par des pratiques philosophiques apprenantes, learning by doing\u00a0<\/p>\n\n\n\n<figure class=\"wp-block-gallery has-nested-images columns-default is-cropped wp-block-gallery-1 is-layout-flex wp-block-gallery-is-layout-flex\">\n<figure class=\"wp-block-image size-large\"><img loading=\"lazy\" decoding=\"async\" width=\"200\" height=\"150\" data-id=\"372\" src=\"https:\/\/agathevidal.fr\/wp-content\/uploads\/2025\/09\/200px-Fontainebleau_91_1.jpg\" alt=\"Accompagnement philosophique interviews portrait \u00e9tudes\" class=\"wp-image-372\"\/><\/figure>\n<\/figure>\n\n\n\n<hr class=\"wp-block-separator has-alpha-channel-opacity\"\/>\n\n\n\n<p><strong>Pour plus d&rsquo;informations<\/strong><\/p>\n\n\n<style id=\"wpforms-css-vars-101-block-501573da-bece-4f4d-81c2-6fe5f8a4ef7e\">\n\t\t\t\t#wpforms-101.wpforms-block-501573da-bece-4f4d-81c2-6fe5f8a4ef7e {\n\t\t\t\t--wpforms-field-size-input-height: 43px;\n--wpforms-field-size-input-spacing: 15px;\n--wpforms-field-size-font-size: 16px;\n--wpforms-field-size-line-height: 19px;\n--wpforms-field-size-padding-h: 14px;\n--wpforms-field-size-checkbox-size: 16px;\n--wpforms-field-size-sublabel-spacing: 5px;\n--wpforms-field-size-icon-size: 1;\n--wpforms-label-size-font-size: 16px;\n--wpforms-label-size-line-height: 19px;\n--wpforms-label-size-sublabel-font-size: 14px;\n--wpforms-label-size-sublabel-line-height: 17px;\n--wpforms-button-size-font-size: 17px;\n--wpforms-button-size-height: 41px;\n--wpforms-button-size-padding-h: 15px;\n--wpforms-button-size-margin-top: 10px;\n\t\t\t}\n\t\t\t<\/style><div class=\"wpforms-container wpforms-container-full wpforms-block wpforms-block-501573da-bece-4f4d-81c2-6fe5f8a4ef7e wpforms-render-modern\" id=\"wpforms-101\"><form id=\"wpforms-form-101\" class=\"wpforms-validate wpforms-form wpforms-ajax-form\" data-formid=\"101\" method=\"post\" enctype=\"multipart\/form-data\" action=\"\/index.php?rest_route=%2Fwp%2Fv2%2Fpages%2F8\" data-token=\"ffd2d174f118f53d07b842c92f9828b8\" data-token-time=\"1777467536\"><noscript class=\"wpforms-error-noscript\">Veuillez activer JavaScript dans votre navigateur pour remplir ce formulaire.<\/noscript><div id=\"wpforms-error-noscript\" style=\"display: none;\">Veuillez activer JavaScript dans votre navigateur pour remplir ce formulaire.<\/div><div class=\"wpforms-field-container\"><div id=\"wpforms-101-field_0-container\" class=\"wpforms-field wpforms-field-name\" data-field-id=\"0\"><fieldset><legend class=\"wpforms-field-label\">Name <span class=\"wpforms-required-label\" aria-hidden=\"true\">*<\/span><\/legend><div class=\"wpforms-field-row wpforms-field-medium\"><div class=\"wpforms-field-row-block wpforms-first wpforms-one-half\"><input type=\"text\" id=\"wpforms-101-field_0\" class=\"wpforms-field-name-first wpforms-field-required\" name=\"wpforms[fields][0][first]\" aria-errormessage=\"wpforms-101-field_0-error\" required><label for=\"wpforms-101-field_0\" class=\"wpforms-field-sublabel after\">Pr\u00e9nom<\/label><\/div><div class=\"wpforms-field-row-block wpforms-one-half\"><input type=\"text\" id=\"wpforms-101-field_0-last\" class=\"wpforms-field-name-last wpforms-field-required\" name=\"wpforms[fields][0][last]\" aria-errormessage=\"wpforms-101-field_0-last-error\" required><label for=\"wpforms-101-field_0-last\" class=\"wpforms-field-sublabel after\">Nom<\/label><\/div><\/div><\/fieldset><\/div><div id=\"wpforms-101-field_1-container\" class=\"wpforms-field wpforms-field-email\" data-field-id=\"1\"><label class=\"wpforms-field-label\" for=\"wpforms-101-field_1\">Email <span class=\"wpforms-required-label\" aria-hidden=\"true\">*<\/span><\/label><input type=\"email\" id=\"wpforms-101-field_1\" class=\"wpforms-field-medium wpforms-field-required\" name=\"wpforms[fields][1]\" spellcheck=\"false\" aria-errormessage=\"wpforms-101-field_1-error\" required><\/div><div id=\"wpforms-101-field_2-container\" class=\"wpforms-field wpforms-field-textarea\" data-field-id=\"2\"><label class=\"wpforms-field-label\" for=\"wpforms-101-field_2\">Comment or Message<\/label><textarea id=\"wpforms-101-field_2\" class=\"wpforms-field-medium\" name=\"wpforms[fields][2]\" aria-errormessage=\"wpforms-101-field_2-error\" ><\/textarea><\/div><\/div><!-- .wpforms-field-container --><div class=\"wpforms-recaptcha-container wpforms-is-recaptcha wpforms-is-recaptcha-type-v3\" ><input type=\"hidden\" name=\"wpforms[recaptcha]\" value=\"\"><\/div><div class=\"wpforms-submit-container\" ><input type=\"hidden\" name=\"wpforms[id]\" value=\"101\"><input type=\"hidden\" name=\"page_title\" value=\"\"><input type=\"hidden\" name=\"page_url\" value=\"https:\/\/agathevidal.fr\/index.php?rest_route=\/wp\/v2\/pages\/8\"><input type=\"hidden\" name=\"url_referer\" value=\"\"><button type=\"submit\" name=\"wpforms[submit]\" id=\"wpforms-submit-101\" class=\"wpforms-submit\" data-alt-text=\"Sending...\" data-submit-text=\"Submit\" aria-live=\"assertive\" value=\"wpforms-submit\">Submit<\/button><img loading=\"lazy\" decoding=\"async\" src=\"https:\/\/agathevidal.fr\/wp-content\/plugins\/wpforms-lite\/assets\/images\/submit-spin.svg\" class=\"wpforms-submit-spinner\" style=\"display: none;\" width=\"26\" height=\"26\" alt=\"Chargement en cours\"><\/div><\/form><\/div>  <!-- .wpforms-container -->","protected":false},"excerpt":{"rendered":"<p>En fonction des objectifs et des enjeux vis\u00e9s plusieurs formules pourront \u00eatre propos\u00e9es. Reportages , Interviews , portraits \u00c9v\u00e8nement sur mesure\u00a0: formation et \u00e9v\u00e9nementiel\u00a0 Accompagnement Apporter des solutions de transformation via des mises en situation Valorisation du capital humain par des pratiques philosophiques apprenantes, learning by doing\u00a0 Pour plus d&rsquo;informations<\/p>\n","protected":false},"author":1,"featured_media":367,"parent":0,"menu_order":0,"comment_status":"closed","ping_status":"closed","template":"","meta":{"footnotes":""},"class_list":["post-8","page","type-page","status-publish","has-post-thumbnail","hentry"],"aioseo_notices":[],"_links":{"self":[{"href":"https:\/\/agathevidal.fr\/index.php?rest_route=\/wp\/v2\/pages\/8","targetHints":{"allow":["GET"]}}],"collection":[{"href":"https:\/\/agathevidal.fr\/index.php?rest_route=\/wp\/v2\/pages"}],"about":[{"href":"https:\/\/agathevidal.fr\/index.php?rest_route=\/wp\/v2\/types\/page"}],"author":[{"embeddable":true,"href":"https:\/\/agathevidal.fr\/index.php?rest_route=\/wp\/v2\/users\/1"}],"replies":[{"embeddable":true,"href":"https:\/\/agathevidal.fr\/index.php?rest_route=%2Fwp%2Fv2%2Fcomments&post=8"}],"version-history":[{"count":16,"href":"https:\/\/agathevidal.fr\/index.php?rest_route=\/wp\/v2\/pages\/8\/revisions"}],"predecessor-version":[{"id":375,"href":"https:\/\/agathevidal.fr\/index.php?rest_route=\/wp\/v2\/pages\/8\/revisions\/375"}],"wp:featuredmedia":[{"embeddable":true,"href":"https:\/\/agathevidal.fr\/index.php?rest_route=\/wp\/v2\/media\/367"}],"wp:attachment":[{"href":"https:\/\/agathevidal.fr\/index.php?rest_route=%2Fwp%2Fv2%2Fmedia&parent=8"}],"curies":[{"name":"wp","href":"https:\/\/api.w.org\/{rel}","templated":true}]}}